{"id":66,"date":"2018-01-14T12:28:42","date_gmt":"2018-01-14T09:28:42","guid":{"rendered":"http:\/\/2018.brs.org.tr\/?page_id=66"},"modified":"2018-04-10T15:48:57","modified_gmt":"2018-04-10T12:48:57","slug":"scientific-committee","status":"publish","type":"page","link":"https:\/\/2018.brs.org.tr\/index.php\/scientific-committee\/","title":{"rendered":"Scientific Committee"},"content":{"rendered":"<p style=\"text-align: center;\"><strong>Prof. Dr. Ana B. Rodriguez<\/strong><br \/>\nExtremadura\u00a0University<br \/>\nBadajoz, Spain<\/p>\n<p style=\"text-align: center;\"><strong>Assoc. Prof. Dr. Denis Rousseau<\/strong><br \/>\nJoseph Fourier University<br \/>\nGrenoble, France<\/p>\n<p style=\"text-align: center;\"><strong>Prof. Dr. Jos\u00e9 A. Pariente<\/strong><br \/>\nExtremadura\u00a0University<br \/>\nBadajoz, Spain<\/p>\n<p style=\"text-align: center;\"><strong>Prof. Dr. Saeed Semnannian<\/strong><br \/>\nTarbiat Modares University<br \/>\nTahran, Iran<\/p>\n<p style=\"text-align: center;\"><strong>Prof. Dr. Ramazan Bal<\/strong><br \/>\nGaziantep University<br \/>\nGaziantep, Turkey<\/p>\n<p style=\"text-align: center;\"><strong>Assist. Prof. Dr.Sergio D. Paredes<\/strong><br \/>\nMadrid Complutense University<br \/>\nMadrid, Spain<\/p>\n<p style=\"text-align: center;\"><strong>Dr. Simon Hebeisen<\/strong><br \/>\nB&#8217;SYS Analytics GmbH<br \/>\nBiningen, Switzerland<\/p>\n<p style=\"text-align: center;\"><strong>Dr. Lazlo Pecze<\/strong><br \/>\nFreiburg University<br \/>\nFreiburg, Switzerland<\/p>\n<p style=\"text-align: center;\"><strong>Dr. Nady Brady<\/strong><br \/>\nNew South Wales University<br \/>\nSydney, Australia<\/p>\n<p style=\"text-align: center;\"><strong>Prof. Dr. Mohamed Trebak<\/strong><br \/>\nPenn State College<br \/>\nHarrisburg, Pennsylvania, USA<\/p>\n<p style=\"text-align: center;\"><strong>Prof. Dr. Peter McNaughton<\/strong><br \/>\nKing\u2019s College<br \/>\nLondon, UK<\/p>\n<p style=\"text-align: center;\"><strong>Prof. Dr. \u0130lker Y. Ey\u00fcpo\u011flu<\/strong><br \/>\nErlangen University<br \/>\nErlangen, Germany<\/p>\n","protected":false},"excerpt":{"rendered":"<p>Prof. Dr. Ana B. Rodriguez Extremadura\u00a0University Badajoz, Spain Assoc. Prof. Dr. Denis Rousseau Joseph Fourier University Grenoble, France Prof. Dr. Jos\u00e9 A. Pariente Extremadura\u00a0University Badajoz, Spain Prof. Dr. Saeed Semnannian Tarbiat Modares University Tahran, Iran Prof. Dr. Ramazan Bal Gaziantep University Gaziantep, Turkey Assist. Prof. Dr.Sergio D. Paredes Madrid Complutense University Madrid, Spain Dr. Simon Hebeisen B&#8217;SYS Analytics GmbH Biningen, Switzerland Dr. Lazlo Pecze Freiburg University Freiburg, Switzerland Dr. Nady&hellip; <\/p>\n","protected":false},"author":1,"featured_media":0,"parent":0,"menu_order":0,"comment_status":"closed","ping_status":"closed","template":"","meta":{"footnotes":""},"class_list":["post-66","page","type-page","status-publish","hentry"],"_links":{"self":[{"href":"https:\/\/2018.brs.org.tr\/index.php\/wp-json\/wp\/v2\/pages\/66","targetHints":{"allow":["GET"]}}],"collection":[{"href":"https:\/\/2018.brs.org.tr\/index.php\/wp-json\/wp\/v2\/pages"}],"about":[{"href":"https:\/\/2018.brs.org.tr\/index.php\/wp-json\/wp\/v2\/types\/page"}],"author":[{"embeddable":true,"href":"https:\/\/2018.brs.org.tr\/index.php\/wp-json\/wp\/v2\/users\/1"}],"replies":[{"embeddable":true,"href":"https:\/\/2018.brs.org.tr\/index.php\/wp-json\/wp\/v2\/comments?post=66"}],"version-history":[{"count":7,"href":"https:\/\/2018.brs.org.tr\/index.php\/wp-json\/wp\/v2\/pages\/66\/revisions"}],"predecessor-version":[{"id":960,"href":"https:\/\/2018.brs.org.tr\/index.php\/wp-json\/wp\/v2\/pages\/66\/revisions\/960"}],"wp:attachment":[{"href":"https:\/\/2018.brs.org.tr\/index.php\/wp-json\/wp\/v2\/media?parent=66"}],"curies":[{"name":"wp","href":"https:\/\/api.w.org\/{rel}","templated":true}]}}