{"id":126,"date":"2018-01-14T15:28:47","date_gmt":"2018-01-14T12:28:47","guid":{"rendered":"http:\/\/2018.brs.org.tr\/?page_id=126"},"modified":"2018-05-03T16:16:54","modified_gmt":"2018-05-03T13:16:54","slug":"laboratorary-lecturers","status":"publish","type":"page","link":"https:\/\/2018.brs.org.tr\/index.php\/laboratorary-lecturers\/","title":{"rendered":"Laboratorary Lecturers"},"content":{"rendered":"<h2><u><em><strong>Cell Culture:<\/strong><\/em><\/u><\/h2>\n<p><img loading=\"lazy\" decoding=\"async\" class=\"alignnone wp-image-788 size-thumbnail\" src=\"http:\/\/2018.brs.org.tr\/wp-content\/uploads\/2018\/02\/ahmi1-1-150x150.jpg\" alt=\"\" width=\"150\" height=\"150\" \/><\/p>\n<h4><em><strong>Ahmi \u00d6Z<\/strong><\/em><\/h4>\n<p>Department of Biophysics, Medical Faculty, S\u00fcleyman Demirel University<\/p>\n<p><a href=\"http:\/\/2018.brs.org.tr\/wp-content\/uploads\/2018\/02\/ahmi.pdf\">Click here to view cv<\/a><\/p>\n<p>&nbsp;<\/p>\n<p><img loading=\"lazy\" decoding=\"async\" class=\"alignnone wp-image-916 size-thumbnail\" src=\"http:\/\/2018.brs.org.tr\/wp-content\/uploads\/2018\/02\/yener-1-150x150.jpg\" alt=\"\" width=\"150\" height=\"150\" \/><\/p>\n<h4><em><strong>Yener YAZ\u011eAN<\/strong><\/em><\/h4>\n<p>Department of Neuroscience, Medical Faculty, S\u00fcleyman Demirel University<\/p>\n<p><a href=\"http:\/\/2018.brs.org.tr\/wp-content\/uploads\/2018\/01\/ynr-en.pdf\">Click here to view cv<\/a><\/p>\n<p>&nbsp;<\/p>\n<h2><em><u>Calcium Signaling &amp; Patch Clamp:<\/u><\/em><\/h2>\n<p><img loading=\"lazy\" decoding=\"async\" class=\"alignnone wp-image-416 size-thumbnail\" src=\"http:\/\/2018.brs.org.tr\/wp-content\/uploads\/2018\/01\/naz2-150x150.jpg\" alt=\"\" width=\"150\" height=\"150\" \/><\/p>\n<h4><em><strong>Prof. Dr. Mustafa NAZIRO\u011eLU<\/strong><\/em><\/h4>\n<p>Department of Biophysics, Medical Faculty, S\u00fcleyman Demirel University<\/p>\n<p><a href=\"http:\/\/2018.brs.org.tr\/wp-content\/uploads\/2018\/02\/nazir.pdf\">Click here to view cv<\/a><\/p>\n<p>&nbsp;<\/p>\n<h4><img loading=\"lazy\" decoding=\"async\" class=\"alignnone wp-image-917 size-thumbnail\" src=\"http:\/\/2018.brs.org.tr\/wp-content\/uploads\/2018\/02\/omer-1-150x150.jpg\" alt=\"\" width=\"150\" height=\"150\" \/><\/h4>\n<h4><em><strong>Dr. \u00d6mer \u00c7EL\u0130K<\/strong><\/em><\/h4>\n<p>Department of Biophysics, Medical Faculty, S\u00fcleyman Demirel University<\/p>\n<p><a href=\"http:\/\/2018.brs.org.tr\/wp-content\/uploads\/2018\/02\/omer-en.pdf\">Click here to view cv<\/a><\/p>\n<p>&nbsp;<\/p>\n<p><img loading=\"lazy\" decoding=\"async\" class=\"alignnone wp-image-386 size-thumbnail\" src=\"http:\/\/2018.brs.org.tr\/wp-content\/uploads\/2018\/01\/lazlo-150x150.jpg\" alt=\"\" width=\"150\" height=\"150\" \/><\/p>\n<h4><em><strong>Dr. Lazlo PECZE<\/strong><\/em><\/h4>\n<p>Route du Midi 1, Marly, CH-1723, Switzerland<\/p>\n<p><a href=\"http:\/\/2018.brs.org.tr\/wp-content\/uploads\/2018\/01\/Lazlo-Pecze-CV.pdf\">Click here to view cv<\/a><\/p>\n<p>&nbsp;<\/p>\n<p><img loading=\"lazy\" decoding=\"async\" class=\"alignnone wp-image-701 size-thumbnail\" src=\"http:\/\/2018.brs.org.tr\/wp-content\/uploads\/2018\/02\/simon-1-150x150.jpg\" alt=\"\" width=\"150\" height=\"150\" srcset=\"https:\/\/2018.brs.org.tr\/wp-content\/uploads\/2018\/02\/simon-1-150x150.jpg 150w, https:\/\/2018.brs.org.tr\/wp-content\/uploads\/2018\/02\/simon-1.jpg 200w\" sizes=\"auto, (max-width: 150px) 100vw, 150px\" \/><\/p>\n<h4><em><strong><span lang=\"en-US\">Dr Simon Hebeisen<\/span><\/strong><\/em><\/h4>\n<p>B\u2019SYS Analytics GmbH,\u00a0Biningen, Switzerland<\/p>\n<p><a href=\"http:\/\/2018.brs.org.tr\/wp-content\/uploads\/2018\/02\/Biosketch-Simon-Hebeisen.pdf\"><span lang=\"en-US\">Click here to view cv<\/span><\/a><\/p>\n<p>&nbsp;<\/p>\n<p><img loading=\"lazy\" decoding=\"async\" class=\"alignnone wp-image-920 size-thumbnail\" src=\"http:\/\/2018.brs.org.tr\/wp-content\/uploads\/2018\/02\/bilal-150x150.jpg\" alt=\"\" width=\"150\" height=\"150\" \/><\/p>\n<h4><em><strong>Bilal\u00a0 \u00c7\u0130\u011e<\/strong><\/em><\/h4>\n<p>Department of Biophysics, Medical Faculty, S\u00fcleyman Demirel University<\/p>\n<p><a href=\"http:\/\/2018.brs.org.tr\/wp-content\/uploads\/2018\/02\/bilal.pdf\">Click here to view cv<\/a><\/p>\n<p>&nbsp;<\/p>\n<p><img loading=\"lazy\" decoding=\"async\" class=\"alignnone wp-image-924 size-thumbnail\" src=\"http:\/\/2018.brs.org.tr\/wp-content\/uploads\/2018\/02\/kenan-150x150.jpg\" alt=\"\" width=\"150\" height=\"150\" \/><\/p>\n<h4><em><strong>Kenan YILDIZHAN<\/strong><\/em><\/h4>\n<p>Department of Biophysics, Medical Faculty, S\u00fcleyman Demirel University<\/p>\n<p><a href=\"http:\/\/2018.brs.org.tr\/wp-content\/uploads\/2018\/01\/knn-en.pdf\">Click here to view cv<\/a><\/p>\n<p>&nbsp;<\/p>\n<h2><em><u>Western Blot:<\/u><\/em><\/h2>\n<p><img loading=\"lazy\" decoding=\"async\" class=\"alignnone wp-image-392 size-thumbnail\" src=\"http:\/\/2018.brs.org.tr\/wp-content\/uploads\/2018\/01\/denis-150x150.jpg\" alt=\"\" width=\"150\" height=\"150\" srcset=\"https:\/\/2018.brs.org.tr\/wp-content\/uploads\/2018\/01\/denis-150x150.jpg 150w, https:\/\/2018.brs.org.tr\/wp-content\/uploads\/2018\/01\/denis-298x300.jpg 298w, https:\/\/2018.brs.org.tr\/wp-content\/uploads\/2018\/01\/denis.jpg 496w\" sizes=\"auto, (max-width: 150px) 100vw, 150px\" \/><\/p>\n<h4><em><strong>Dr. Denis ROUSSEAU<\/strong><\/em><\/h4>\n<p>Grenoble, Fransa<\/p>\n<p><a href=\"http:\/\/2018.brs.org.tr\/wp-content\/uploads\/2018\/01\/denis.pdf\">Click here to view cv<\/a><\/p>\n<p>&nbsp;<\/p>\n<p><img loading=\"lazy\" decoding=\"async\" class=\"alignnone wp-image-699 size-thumbnail\" src=\"http:\/\/2018.brs.org.tr\/wp-content\/uploads\/2018\/02\/nady-1-150x150.jpg\" alt=\"\" width=\"150\" height=\"150\" srcset=\"https:\/\/2018.brs.org.tr\/wp-content\/uploads\/2018\/02\/nady-1-150x150.jpg 150w, https:\/\/2018.brs.org.tr\/wp-content\/uploads\/2018\/02\/nady-1-298x300.jpg 298w, https:\/\/2018.brs.org.tr\/wp-content\/uploads\/2018\/02\/nady-1-768x773.jpg 768w, https:\/\/2018.brs.org.tr\/wp-content\/uploads\/2018\/02\/nady-1-1017x1024.jpg 1017w\" sizes=\"auto, (max-width: 150px) 100vw, 150px\" \/><\/p>\n<h4><em><strong>Dr. Nady BRADY<\/strong><\/em><\/h4>\n<p>Sydney, Avustralya<\/p>\n<p><a href=\"http:\/\/2018.brs.org.tr\/wp-content\/uploads\/2018\/01\/braidy_cv-1.pdf\">Click here to view cv<\/a><\/p>\n<p>&nbsp;<\/p>\n<p><img loading=\"lazy\" decoding=\"async\" class=\"alignnone wp-image-710 size-thumbnail\" src=\"http:\/\/2018.brs.org.tr\/wp-content\/uploads\/2018\/02\/rmzn-1-150x150.jpg\" alt=\"\" width=\"150\" height=\"150\" \/><\/p>\n<h4><em><strong>Ramazan \u00c7INAR<\/strong><\/em><\/h4>\n<p>Department of Neuroscience, Medical Faculty, S\u00fcleyman Demirel University<\/p>\n<p><a href=\"http:\/\/2018.brs.org.tr\/wp-content\/uploads\/2018\/02\/R\u00c7-CV-for-BRS.pdf\">Click here to view cv<\/a><\/p>\n<p>&nbsp;<\/p>\n<p>&nbsp;<\/p>\n","protected":false},"excerpt":{"rendered":"<p>Cell Culture: Ahmi \u00d6Z Department of Biophysics, Medical Faculty, S\u00fcleyman Demirel University Click here to view cv &nbsp; Yener YAZ\u011eAN Department of Neuroscience, Medical Faculty, S\u00fcleyman Demirel University Click here to view cv &nbsp; Calcium Signaling &amp; Patch Clamp: Prof. Dr. Mustafa NAZIRO\u011eLU Department of Biophysics, Medical Faculty, S\u00fcleyman Demirel University Click here to view cv &nbsp; Dr. \u00d6mer \u00c7EL\u0130K Department of Biophysics, Medical Faculty, S\u00fcleyman Demirel University Click here&hellip; <\/p>\n","protected":false},"author":1,"featured_media":0,"parent":0,"menu_order":0,"comment_status":"closed","ping_status":"closed","template":"","meta":{"footnotes":""},"class_list":["post-126","page","type-page","status-publish","hentry"],"_links":{"self":[{"href":"https:\/\/2018.brs.org.tr\/index.php\/wp-json\/wp\/v2\/pages\/126","targetHints":{"allow":["GET"]}}],"collection":[{"href":"https:\/\/2018.brs.org.tr\/index.php\/wp-json\/wp\/v2\/pages"}],"about":[{"href":"https:\/\/2018.brs.org.tr\/index.php\/wp-json\/wp\/v2\/types\/page"}],"author":[{"embeddable":true,"href":"https:\/\/2018.brs.org.tr\/index.php\/wp-json\/wp\/v2\/users\/1"}],"replies":[{"embeddable":true,"href":"https:\/\/2018.brs.org.tr\/index.php\/wp-json\/wp\/v2\/comments?post=126"}],"version-history":[{"count":22,"href":"https:\/\/2018.brs.org.tr\/index.php\/wp-json\/wp\/v2\/pages\/126\/revisions"}],"predecessor-version":[{"id":974,"href":"https:\/\/2018.brs.org.tr\/index.php\/wp-json\/wp\/v2\/pages\/126\/revisions\/974"}],"wp:attachment":[{"href":"https:\/\/2018.brs.org.tr\/index.php\/wp-json\/wp\/v2\/media?parent=126"}],"curies":[{"name":"wp","href":"https:\/\/api.w.org\/{rel}","templated":true}]}}