{"id":123,"date":"2018-01-14T15:27:06","date_gmt":"2018-01-14T12:27:06","guid":{"rendered":"http:\/\/2018.brs.org.tr\/?page_id=123"},"modified":"2018-05-03T16:15:40","modified_gmt":"2018-05-03T13:15:40","slug":"laboratuvar-egitmenleri","status":"publish","type":"page","link":"https:\/\/2018.brs.org.tr\/index.php\/laboratuvar-egitmenleri\/","title":{"rendered":"Laboratuvar E\u011fitmenleri"},"content":{"rendered":"<h2><em><u>H\u00fccre K\u00fclt\u00fcr\u00fc:<\/u><\/em><\/h2>\n<p><img loading=\"lazy\" decoding=\"async\" class=\"alignnone wp-image-784 size-thumbnail\" src=\"http:\/\/2018.brs.org.tr\/wp-content\/uploads\/2018\/02\/ahmi1-150x150.jpg\" alt=\"\" width=\"150\" height=\"150\" \/><\/p>\n<h4><em><strong>Ara\u015f. G\u00f6r. Ahmi \u00d6Z<\/strong><\/em><\/h4>\n<p>S\u00fcleyman Demirel \u00dcniv. T\u0131p Fak. Biyofizik A.D. Isparta<\/p>\n<p><a href=\"http:\/\/2018.brs.org.tr\/wp-content\/uploads\/2018\/02\/ahmi.pdf\">Click here to view cv<\/a><\/p>\n<p>&nbsp;<\/p>\n<p><img loading=\"lazy\" decoding=\"async\" class=\"alignnone wp-image-912 size-thumbnail\" src=\"http:\/\/2018.brs.org.tr\/wp-content\/uploads\/2018\/02\/yener-150x150.jpg\" alt=\"\" width=\"150\" height=\"150\" \/><\/p>\n<h4><em><strong>Yener YAZ\u011eAN<\/strong><\/em><\/h4>\n<p>S\u00fcleyman Demirel \u00dcniv. T\u0131p Fak. Sinir Bilimleri A.D. Isparta<\/p>\n<p><a href=\"http:\/\/2018.brs.org.tr\/wp-content\/uploads\/2018\/01\/ynr-en.pdf\">Click here to view cv<\/a><\/p>\n<p>&nbsp;<\/p>\n<h2><u><em>Kalsiyum Sinyali<\/em><\/u> <em><u>ve Patch Clamp:<\/u><\/em><\/h2>\n<p><img loading=\"lazy\" decoding=\"async\" class=\"alignnone wp-image-416 size-thumbnail\" src=\"http:\/\/2018.brs.org.tr\/wp-content\/uploads\/2018\/01\/naz2-150x150.jpg\" alt=\"\" width=\"150\" height=\"150\" \/><\/p>\n<h4><em><strong>Prof. Dr. Mustafa NAZIRO\u011eLU<\/strong><\/em><\/h4>\n<p>S\u00fcleyman Demirel \u00dcniv. T\u0131p Fak. Biyofizik A.D. B\u015fk., Isparta.<\/p>\n<p><a href=\"http:\/\/2018.brs.org.tr\/wp-content\/uploads\/2018\/02\/nazir.pdf\">Click here to view cv<\/a><\/p>\n<p>&nbsp;<\/p>\n<h4><img loading=\"lazy\" decoding=\"async\" class=\"alignnone wp-image-913 size-thumbnail\" src=\"http:\/\/2018.brs.org.tr\/wp-content\/uploads\/2018\/02\/omer-150x150.jpg\" alt=\"\" width=\"150\" height=\"150\" \/><\/h4>\n<h4><em><strong>Do\u00e7. Dr. \u00d6mer \u00c7EL\u0130K<\/strong><\/em><\/h4>\n<p>S\u00fcleyman Demirel \u00dcniv. T\u0131p Fak. Biyofizik A.D. Isparta<\/p>\n<p><a href=\"http:\/\/2018.brs.org.tr\/wp-content\/uploads\/2018\/02\/omer-tr.pdf\">Click here to view cv<\/a><\/p>\n<p>&nbsp;<\/p>\n<p><img loading=\"lazy\" decoding=\"async\" class=\"alignnone wp-image-386 size-thumbnail\" src=\"http:\/\/2018.brs.org.tr\/wp-content\/uploads\/2018\/01\/lazlo-150x150.jpg\" alt=\"\" width=\"150\" height=\"150\" \/><\/p>\n<h4><em><strong>Dr. Lazlo PECZE<\/strong><\/em><\/h4>\n<p>Route du Midi 1, Marly, CH-1723, Switzerland<\/p>\n<p><a href=\"http:\/\/2018.brs.org.tr\/wp-content\/uploads\/2018\/01\/Lazlo-Pecze-CV.pdf\">Click here to view cv<\/a><\/p>\n<p>&nbsp;<\/p>\n<p><img loading=\"lazy\" decoding=\"async\" class=\"alignnone wp-image-696 size-thumbnail\" src=\"http:\/\/2018.brs.org.tr\/wp-content\/uploads\/2018\/02\/simon-150x150.jpg\" alt=\"\" width=\"150\" height=\"150\" srcset=\"https:\/\/2018.brs.org.tr\/wp-content\/uploads\/2018\/02\/simon-150x150.jpg 150w, https:\/\/2018.brs.org.tr\/wp-content\/uploads\/2018\/02\/simon.jpg 200w\" sizes=\"auto, (max-width: 150px) 100vw, 150px\" \/><\/p>\n<h4><em><strong><span lang=\"en-US\">Dr Simon Hebeisen<\/span><\/strong><\/em><\/h4>\n<p>B\u2019SYS Analytics GmbH,\u00a0Biningen, \u0130svi\u00e7re<\/p>\n<p><a href=\"http:\/\/2018.brs.org.tr\/wp-content\/uploads\/2018\/02\/Biosketch-Simon-Hebeisen.pdf\"><span lang=\"en-US\">Click here to view cv<\/span><\/a><\/p>\n<p>&nbsp;<\/p>\n<p>&nbsp;<\/p>\n<p><img loading=\"lazy\" decoding=\"async\" class=\"alignnone wp-image-922 size-thumbnail\" src=\"http:\/\/2018.brs.org.tr\/wp-content\/uploads\/2018\/02\/bilal-1-150x150.jpg\" alt=\"\" width=\"150\" height=\"150\" \/><\/p>\n<h4><em><strong>Ara\u015f. G\u00f6r.\u00a0Bilal\u00a0 \u00c7\u0130\u011e<\/strong><\/em><\/h4>\n<p>S\u00fcleyman Demirel \u00dcniv. T\u0131p Fak. Biyofizik A.D. Isparta<\/p>\n<p><a href=\"http:\/\/2018.brs.org.tr\/wp-content\/uploads\/2018\/02\/bilal.pdf\">Click here to view cv<\/a><\/p>\n<p>&nbsp;<\/p>\n<p><img loading=\"lazy\" decoding=\"async\" class=\"alignnone wp-image-926 size-thumbnail\" src=\"http:\/\/2018.brs.org.tr\/wp-content\/uploads\/2018\/02\/kenan-1-150x150.jpg\" alt=\"\" width=\"150\" height=\"150\" \/><\/p>\n<h4><em><strong>Ara\u015f. G\u00f6r. Kenan YILDIZHAN<\/strong><\/em><\/h4>\n<p>S\u00fcleyman Demirel \u00dcniv. T\u0131p Fak. Biyofizik A.D. Isparta<\/p>\n<p><a href=\"http:\/\/2018.brs.org.tr\/wp-content\/uploads\/2018\/01\/knn-tr.pdf\">Click here to view cv<\/a><\/p>\n<p>&nbsp;<\/p>\n<h2><em><u>Western Blot:<\/u><\/em><\/h2>\n<p><img loading=\"lazy\" decoding=\"async\" class=\"alignnone wp-image-392 size-thumbnail\" src=\"http:\/\/2018.brs.org.tr\/wp-content\/uploads\/2018\/01\/denis-150x150.jpg\" alt=\"\" width=\"150\" height=\"150\" srcset=\"https:\/\/2018.brs.org.tr\/wp-content\/uploads\/2018\/01\/denis-150x150.jpg 150w, https:\/\/2018.brs.org.tr\/wp-content\/uploads\/2018\/01\/denis-298x300.jpg 298w, https:\/\/2018.brs.org.tr\/wp-content\/uploads\/2018\/01\/denis.jpg 496w\" sizes=\"auto, (max-width: 150px) 100vw, 150px\" \/><\/p>\n<h4><em><strong>Do\u00e7. Dr. Denis ROUSSEAU<\/strong><\/em><\/h4>\n<p>Grenoble, Fransa<\/p>\n<p><a href=\"http:\/\/2018.brs.org.tr\/wp-content\/uploads\/2018\/01\/denis.pdf\">Click here to view cv<\/a><\/p>\n<p>&nbsp;<\/p>\n<p><img loading=\"lazy\" decoding=\"async\" class=\"alignnone wp-image-691 size-thumbnail\" src=\"http:\/\/2018.brs.org.tr\/wp-content\/uploads\/2018\/02\/nady-150x150.jpg\" alt=\"\" width=\"150\" height=\"150\" srcset=\"https:\/\/2018.brs.org.tr\/wp-content\/uploads\/2018\/02\/nady-150x150.jpg 150w, https:\/\/2018.brs.org.tr\/wp-content\/uploads\/2018\/02\/nady-298x300.jpg 298w, https:\/\/2018.brs.org.tr\/wp-content\/uploads\/2018\/02\/nady-768x773.jpg 768w, https:\/\/2018.brs.org.tr\/wp-content\/uploads\/2018\/02\/nady-1017x1024.jpg 1017w\" sizes=\"auto, (max-width: 150px) 100vw, 150px\" \/><\/p>\n<h4><em><strong>Dr. Nady BRADY<\/strong><\/em><\/h4>\n<p>Sydney, Avustralya<\/p>\n<p><a href=\"http:\/\/2018.brs.org.tr\/wp-content\/uploads\/2018\/01\/braidy_cv-1.pdf\">Click here to view cv<\/a><\/p>\n<p>&nbsp;<\/p>\n<p><img loading=\"lazy\" decoding=\"async\" class=\"alignnone wp-image-692 size-thumbnail\" src=\"http:\/\/2018.brs.org.tr\/wp-content\/uploads\/2018\/02\/rmzn-150x150.jpg\" alt=\"\" width=\"150\" height=\"150\" \/><\/p>\n<h4><em><strong>Ramazan \u00c7INAR<\/strong><\/em><\/h4>\n<p>S\u00fcleyman Demirel \u00dcniv. T\u0131p Fak. Sinir Bilimleri A.D. Isparta<\/p>\n<p><a href=\"http:\/\/2018.brs.org.tr\/wp-content\/uploads\/2018\/02\/R\u00c7-CV-for-BRS.pdf\">Click here to view cv<\/a><\/p>\n","protected":false},"excerpt":{"rendered":"<p>H\u00fccre K\u00fclt\u00fcr\u00fc: Ara\u015f. G\u00f6r. Ahmi \u00d6Z S\u00fcleyman Demirel \u00dcniv. T\u0131p Fak. Biyofizik A.D. Isparta Click here to view cv &nbsp; Yener YAZ\u011eAN S\u00fcleyman Demirel \u00dcniv. T\u0131p Fak. Sinir Bilimleri A.D. Isparta Click here to view cv &nbsp; Kalsiyum Sinyali ve Patch Clamp: Prof. Dr. Mustafa NAZIRO\u011eLU S\u00fcleyman Demirel \u00dcniv. T\u0131p Fak. Biyofizik A.D. B\u015fk., Isparta. Click here to view cv &nbsp; Do\u00e7. Dr. \u00d6mer \u00c7EL\u0130K S\u00fcleyman Demirel \u00dcniv. T\u0131p Fak.&hellip; <\/p>\n","protected":false},"author":1,"featured_media":0,"parent":0,"menu_order":0,"comment_status":"closed","ping_status":"closed","template":"","meta":{"footnotes":""},"class_list":["post-123","page","type-page","status-publish","hentry"],"_links":{"self":[{"href":"https:\/\/2018.brs.org.tr\/index.php\/wp-json\/wp\/v2\/pages\/123","targetHints":{"allow":["GET"]}}],"collection":[{"href":"https:\/\/2018.brs.org.tr\/index.php\/wp-json\/wp\/v2\/pages"}],"about":[{"href":"https:\/\/2018.brs.org.tr\/index.php\/wp-json\/wp\/v2\/types\/page"}],"author":[{"embeddable":true,"href":"https:\/\/2018.brs.org.tr\/index.php\/wp-json\/wp\/v2\/users\/1"}],"replies":[{"embeddable":true,"href":"https:\/\/2018.brs.org.tr\/index.php\/wp-json\/wp\/v2\/comments?post=123"}],"version-history":[{"count":50,"href":"https:\/\/2018.brs.org.tr\/index.php\/wp-json\/wp\/v2\/pages\/123\/revisions"}],"predecessor-version":[{"id":973,"href":"https:\/\/2018.brs.org.tr\/index.php\/wp-json\/wp\/v2\/pages\/123\/revisions\/973"}],"wp:attachment":[{"href":"https:\/\/2018.brs.org.tr\/index.php\/wp-json\/wp\/v2\/media?parent=123"}],"curies":[{"name":"wp","href":"https:\/\/api.w.org\/{rel}","templated":true}]}}